t x(f) = 4*m(f) + 7*s(f). Calculate x(23).
13
Suppose -2*y = -7*b + 3*b, -1 = -3*y + 5*b. Let g(o) = 5*o**2 + 3 - 5 + 14 - 4*o**y + 2*o - 13. Determine g(5).
34
Let l(h) = -h - 13. Let o(p) = 3*p**2 - 10*p - 5. Let y be o(5). Let u = 21 - y. Let q be 6/2*(u + -3). What is l(q)?
-7
Let i(u) = u + 3. Suppose 3*v + j + 137 = 1740, 2672 = 5*v + 2*j. Let l = v - 532. Give i(l).
5
Let v(o) = -o**3 - 14*o**2 - 9*o - 4. Let k = -3876 - -3863. What is v(k)?
-56
Let k(n) = -n**3 + 20*n**2 - 49*n - 37. Suppose 37*p - 80 - 549 = 0. Calculate k(p).
-3
Let c be 4*6/(-3) + 0. Let t be (-54)/(-1 + -8) + c. Let z(g) = -3*g**3 + 0 + 2 + 4*g**3 + 2*g + 3*g**2. Calculate z(t).
2
Suppose g - 40 = 5*f, f + 2 = 3*g - 6. Let d(z) = -3*z - 4*z - 3707 + 3719 + 5*z**2 + z**3 + 2*z**2. Determine d(f).
4
Let j(y) = -y - 8. Let c = -27 + 32. Suppose 4*z + 80 = 5*b, 0*z + z = -c*b + 5. Let t be (55/z - (-4)/6) + 3. Determine j(t).
-8
Let h(u) = -u**3 + 30*u**2 + 64*u - 11. Let n(o) = o**3 - 28*o**2 + 54*o - 20. Let g be n(26). Calculate h(g).
-11
Let s(f) = 3*f**2 + 13*f + 11. Let u = 8264 - 8272. What is s(u)?
99
Let i(b) = b**3 + 24*b**2 + 2*b - 15. Let g be i(0). Let f(y) = -y**3 - 14*y**2 + 10*y - 71. Calculate f(g).
4
Let b(g) = 7*g - 2 + 1 - 9 + g**2 + 7. Let a(s) = s**2 + 2*s + 4. Let u(d) = -d + 1. Let l(t) = -a(t) + 6*u(t). Let r(f) = 4*b(f) + 3*l(f). Determine r(-5).
-1
Let z(j) = -j + 1. Let m(f) = f**3 + 2*f**2 - f + 31. Let h be m(0). Let o = 13 + h. Let l be o/(-6) - (-20)/15. Calculate z(l).
7
Let m(v) = -v**3 + 4*v**2 + 2*v + 4. Let h = -102 - -104. Let w(s) = 15*s - 25. Let i be w(h). Calculate m(i).
-11
Let m(g) = -4*g**2 - 23*g - 1. Let c = -144 + 150. Let b(o) = 5*o**2 + 26*o + 2. Let j(l) = c*m(l) + 5*b(l). Let d(q) = 2*q - 4. Let a be d(4). What is j(a)?
-12
Let q = 1595537 + -1595534. Let a(z) be the second derivative of -1/2*z**2 - 1/2*z**3 - z + 0. Calculate a(q).
-10
Let v(u) be the third derivative of 0 + 0*u - 1/8*u**4 - 1/3*u**3 + 1/10*u**5 - 1/120*u**6 + 105*u**2. Calculate v(4).
18
Let u(w) = 11683*w - 56 - 3910*w - 3899*w + 2*w**2 - 3891*w. Calculate u(-3).
13
Let j(m) = -14*m - 5. Let u(q) = 5*q + 2. Let f(n) = -6*j(n) - 17*u(n). Let i be (-8*1/(-9))/(1670/7515). Give f(i).
-8
Let n(w) = w**3 - 4*w**2 - w - 1. Let i be ((-426)/15)/(30/75). Let h = -66 - i. Give n(h).
19
Let v(a) = 4 - 14*a - 3 + 15 + 77*a**2 - 44*a**2 - 34*a**2. Let s(m) = -m**2 - m + 5. Let u be s(4). Determine v(u).
1
Let p(b) = -2*b**2 + b - 2. Suppose 0 = 16*w + 182 + 10. Let f(z) = -z**3 - 14*z**2 - 22*z + 26. Let g be f(w). Determine p(g).
-8
Let i(x) = -10*x - 2. Let r(p) = 2*p + 32. Let a be r(-15). Suppose -2*f = -4*g + 10 + 2, -2*g = a*f. Let u be ((g + 1)/(-3))/((-1)/(-3)). What is i(u)?
28
Let w(u) = -39*u**2 + 19*u + 82. Let i(l) = 31*l**2 - 21*l - 81. Let b(r) = 5*i(r) + 4*w(r). Determine b(-26).
1
Let c(v) = -v**2 - 7. Let h = 41 + -39. Suppose h*t = -0*r - 2*r, 4*r = 20. Calculate c(t).
-32
Let y(u) = -2*u**2 - 2*u - 4 - 6*u + 3*u**2 + 2*u. Suppose -8*h - 4 = -12*h. Let w be -4*(-30)/24 - (-2 + h). Determine y(w).
-4
Let j(c) = 18*c + 5. Let y(z) = z**3 - 24*z**2 - 10*z - 376. Let p be y(25). What is j(p)?
-13
Suppose -7*d + 3*d = -20. Suppose -4*g + 16 = 4. Let q(s) = 1 + 6 + 3*s**g + 17*s - 13*s - 6*s**2 - 2*s**3. Calculate q(d).
2
Let c(x) = -19*x**3 - 2*x**2 - x + 2. Let a be 2/4*(5 + 12/(-4)). Give c(a).
-20
Let s(q) = q + 2. Suppose -62*k + 60*k = -7*l - 21, 15 = 5*l. Suppose 7*z + f + 99 = 2*z, 0 = 2*z - 5*f + 18. Let x = z + k. Give s(x).
4
Let o(v) = v**2 - 2*v - 2. Let n(f) = 2*f**2 - f + 169. Let q(w) = n(w) - 3*o(w). Let i(r) be the first derivative of q(r). Give i(-5).
15
Let v(a) = -7*a + 3. Let l(i) = 5*i - 2. Let z(k) = -8*l(k) - 5*v(k). Let u = -39291 - -39288. What is z(u)?
16
Let m(n) = -5*n**2 + 3*n + 2. Let z(s) = 9*s**2 - 5*s - 3. Let g(k) = -5*m(k) - 3*z(k). Let a = 4 - 4. Suppose c + 5 = -4*r, -2*c + 0*c + 2*r = a. Give g(c).
-3
Let q(m) = m + 1. Let x(l) = -l**3 + 8*l**2 - 8*l + 7. Let o be x(7). Suppose 0*j + 4*c = -2*j - 30, j - 5*c + 50 = o. Let y = j + 21. Give q(y).
-3
Let t(k) = 2*k**3 + 7*k**2 + k + 13. Let q = 4654 - 4658. Calculate t(q).
-7
Suppose -4*o + 4*z = -116, -3*z - 146 = -4*o - 5*z. Let i = o - 32. Let a(m) = 10 - 9 + i + 7*m. Calculate a(-3).
-18
Let p(t) be the third derivative of t**6/120 - t**5/10 + t**4/8 - t**3/6 + 2*t**2 - 21. Suppose -6*c + 22*c = 64. What is p(c)?
-21
Let d(i) = -39*i**2 + 8*i - 476 + 40*i**2 + 477. Suppose 10 = -2*q - 6. Give d(q).
1
Let w(o) be the second derivative of o**7/840 + o**6/36 - o**5/10 - 5*o**4/8 + 5*o**3/6 + 128*o. Let c(y) be the second derivative of w(y). Give c(-11).
-4
Let c = -132504 + 132499. Let n(r) = 6*r - 3. Let i(z) = -z**2 + 5*z - 2. Let p(q) = 2*i(q) - 3*n(q). Calculate p(c).
-5
Let r(a) be the second derivative of a**5/20 - a**4/2 + a**3/3 + a**2 - 8*a. Let k be -46 + (1/(-3))/((-9)/54). Let z = -40 - k. Give r(z).
-22
Let g(l) = -59*l - 438. Let z(m) = 88*m + 640. Let i(d) = 7*g(d) + 5*z(d). What is i(-5)?
-1
Suppose -7 = -21*y + 14*y. Let r = -19 - -22. Let w(k) = -11*k - 3*k**r + 12*k + 4*k**2 - 5*k**2. Determine w(y).
-3
Let s(j) be the first derivative of -j**2 + 2*j + 47. Let b be (3 + (-1 - 3))*1. Let h = b - -6. Give s(h).
-8
Let y be (-2 - 480/(-195))*-13. Let j(n) = -n**2 - 9*n - 4. Give j(y).
14
Let k(b) = 2*b**2 - 17*b + 31. Suppose 174*a - 152*a = 132. Give k(a).
1
Let w = 13947 - 13985. Let i(u) = -2*u**2 - 74*u + 96. Determine i(w).
20
Let r be -8 - (4/8)/(2/(-52)). Let s(x) = -2*x**2 + 2*x + 42. Determine s(r).
2
Let q(w) be the first derivative of 54 + 5*w + 1/3*w**3 - 6*w**2. Determine q(11).
-6
Let o(x) = -x**3 - 7*x**2 + x. Suppose 5 + 28 = -3*c. Suppose 3*j - 4 = 8. Let v = j + c. Give o(v).
-7
Let k(z) be the second derivative of 7*z**4/12 - z**2/2 + 4*z. Suppose l - 13 = -16, 5*l = m - 14. Give k(m).
6
Let h(d) = -31 + 126 - 67 - 2*d - 25. Let n(s) = -s**3 - s**2 + s + 5. Let g be n(0). What is h(g)?
-7
Let h(n) = n**3 + 7*n**2 + 8*n + 4. Let v(x) = 2*x + 5. Let t(b) = -b - 47. Let j be t(-42). Let y be v(j). Calculate h(y).
14
Suppose 10 = 2*k - s + 3, 5*k - 3*s - 19 = 0. Let a(v) = -2*v**2 + k*v**2 - 2 + v**3 + 0*v**2. Let x = -30886 - -30886. What is a(x)?
-2
Suppose 3*y + 4*w = -20, -4*w - 16 = 4*y + 4. Let d(q) = -q**3 - 114*q - 16 + 114*q + y*q**3. Give d(0).
-16
Suppose -4*y = 4*q + 20, q = -y + 2*y - 11. Let x(s) = 14 + 4*s - 19*s + 6*s + 5*s + 5*s. Determine x(q).
6
Suppose 3*j + 6 = 24. Let u(p) = -7*p**3 + 2*p**2 + 11*p - 7. Let o(y) = 3*y**3 - 6*y + 4. Let h(z) = 9*o(z) + 4*u(z). Determine h(j).
20
Let y(l) be the second derivative of -l**4/12 + l**2/2 - l. Let f(r) = -4*r**2 - 8*r - 4. Let s(o) = f(o) - 3*y(o). Let t = -177 - -172. Give s(t).
8
Let o(q) = q**3 + 6*q**2 + 2*q - 4. Suppose -3*a + 25 = 2*a, 4*x - 3*a + 3 = 0. Suppose x*j - 781 = -8*j. Let g = -77 + j. Determine o(g).
-16
Let v be ((-7315)/770)/(-1*(-2)/(-4)). Let z(r) = -4*r + 70. Calculate z(v).
-6
Let h(l) = 25*l - 104. Let k(c) = c**3 + 14*c**2 - 16*c - 28. Let m be k(2). Determine h(m).
-4
Let y(o) = 71*o + 21 - 60*o - 3*o**2 + 0*o**2. Let k(q) = q**2 - 6*q - 10. Let n(r) = -5*k(r) - 2*y(r). Give n(-6).
-4
Let m(p) be the second derivative of -p**4/24 - 17*p**3/6 + 15*p**2 + 104*p. Let l(q) be the first derivative of m(q). What is l(-9)?
-8
Let l be (-3)/(-39)*2 + (-268)/52. Let a be (-4)/l + (-168)/(-40). Let p(k) = -k**3 + 4*k**2 + 4*k - 2. Let w be p(a). Let h(x) = x**2 + 7*x. What is h(w)?
0
Let l(o) be the second derivative of o**5/20 + 9*o**4/4 - o**3/3 - 57*o**2/2 - 1602*o. Calculate l(-27).
-3
Let t be (-6)/(-5)*(-1)/(-2)*3855/771. Let p(m) = m**2 - 10*m + 5. Give p(t).
-16
Let y(s) = s**2 + 8*s + 16. Let g(k) = 7*k - 5. Let j be g(0). Determine y(j).
1
Suppose -18*q = 528 + 192. Let i = q - -37. Let z(m) = -3*m**2 - 2*m. Give z(i).
-21
Let c(f) be the second derivative of -f**7/840 + f**6/120 - f**4/24 - 59*f**3/6 - 13*f - 1. Let s(l) be the second derivative of c(l). Give s(4).
-17
Let n(r) = -r**3 + 7*r**2 + 97*r + 23. Let y be n(14). Let i(m) = m**3 - 8*m**2 - 2*m + 4. Give i(y).
67
Let s(c) be the first derivative of c**3/3 + 9*c**2/2 + 5*c - 4563. Calculate s(-8).
-3
Let j(n) be the first derivative of 0*n - 1/4*n**4 - n**3 - 1/2*n**2 + 228.